der when 5234802 is divided by 2891.
2092
What is the remainder when 2024354 is divided by 674777?
23
What is the remainder when 2211240 is divided by 201020?
20
What is the remainder when 7068 is divided by 3217?
634
What is the remainder when 32121615 is divided by 3656?
3655
What is the remainder when 8101572 is divided by 193?
11
What is the remainder when 164548613 is divided by 82274299?
15
What is the remainder when 1458261 is divided by 7916?
1717
What is the remainder when 7959391 is divided by 27258?
55
What is the remainder when 11511241 is divided by 2901?
73
What is the remainder when 1550534 is divided by 1550478?
56
Calculate the remainder when 167963272 is divided by 419.
418
Calculate the remainder when 4350133 is divided by 120833.
145
What is the remainder when 99860 is divided by 49635?
590
What is the remainder when 53209469 is divided by 4905?
29
Calculate the remainder when 328169 is divided by 10586.
3
What is the remainder when 22205553 is divided by 5551384?
17
Calculate the remainder when 174999 is divided by 4871.
4514
Calculate the remainder when 63578 is divided by 12700.
78
Calculate the remainder when 1931459 is divided by 643324.
1487
What is the remainder when 26130787 is divided by 1005030?
7
What is the remainder when 173175058 is divided by 56?
42
Calculate the remainder when 5203331 is divided by 4726.
5
Calculate the remainder when 135015 is divided by 595.
545
Calculate the remainder when 808247 is divided by 265.
262
What is the remainder when 321814 is divided by 904?
894
What is the remainder when 1696625 is divided by 410?
45
What is the remainder when 578167 is divided by 192343?
1138
Calculate the remainder when 85223 is divided by 16995.
248
What is the remainder when 193466 is divided by 50?
16
What is the remainder when 8581869 is divided by 51?
48
Calculate the remainder when 1649791 is divided by 31124.
219
What is the remainder when 720926 is divided by 747?
71
Calculate the remainder when 82405 is divided by 5006.
2309
Calculate the remainder when 244919 is divided by 1206.
101
What is the remainder when 216986 is divided by 128?
26
What is the remainder when 29442923 is divided by 126909?
35
What is the remainder when 712247 is divided by 50?
47
What is the remainder when 960978 is divided by 1390?
488
Calculate the remainder when 56328746 is divided by 97963.
21
Calculate the remainder when 109759 is divided by 2730.
559
Calculate the remainder when 14400045 is divided by 1352.
1245
What is the remainder when 2181723 is divided by 545411?
79
Calculate the remainder when 210093 is divided by 61.
9
What is the remainder when 14828847 is divided by 1482?
1437
What is the remainder when 2225103 is divided by 33209?
100
What is the remainder when 155822 is divided by 286?
238
Calculate the remainder when 403470 is divided by 2638.
2494
What is the remainder when 423223857 is divided by 12?
9
Calculate the remainder when 10127405 is divided by 384.
173
Calculate the remainder when 60796 is divided by 151.
94
Calculate the remainder when 50292054 is divided by 17.
2
Calculate the remainder when 18835 is divided by 118.
73
Calculate the remainder when 2020258 is divided by 22697.
225
What is the remainder when 7040478 is divided by 320021?
16
Calculate the remainder when 296644 is divided by 108.
76
What is the remainder when 129266132 is divided by 190658?
8
Calculate the remainder when 150493551 is divided by 1831.
1830
What is the remainder when 1811263 is divided by 17248?
223
What is the remainder when 933904 is divided by 933860?
44
Calculate the remainder when 341025280 is divided by 6378.
6376
What is the remainder when 10875030 is divided by 12316?
2
Calculate the remainder when 16922853 is divided by 1730.
1723
What is the remainder when 467882 is divided by 77926?
326
What is the remainder when 2274860 is divided by 454967?
25
Calculate the remainder when 3924370 is divided by 147.
58
Calculate the remainder when 894770 is divided by 298251.
17
What is the remainder when 3317833 is divided by 130?
103
What is the remainder when 28498613 is divided by 32?
21
Calculate the remainder when 81450222 is divided by 3386.
3378
Calculate the remainder when 385098 is divided by 384993.
105
Calculate the remainder when 1371349 is divided by 993.
16
What is the remainder when 54537 is divided by 49274?
5263
Calculate the remainder when 981548 is divided by 490770.
8
What is the remainder when 1530854 is divided by 701?
571
Calculate the remainder when 94610 is divided by 7277.
9
What is the remainder when 1963315 is divided by 170?
155
Calculate the remainder when 388687481 is divided by 849.
848
What is the remainder when 63284 is divided by 1422?
716
Calculate the remainder when 156838138 is divided by 63.
16
Calculate the remainder when 112387 is divided by 6900.
1987
What is the remainder when 1058827 is divided by 516?
511
Calculate the remainder when 16612827 is divided by 234.
231
Calculate the remainder when 110553486 is divided by 36851158.
12
Calculate the remainder when 5860417 is divided by 10753.
32
What is the remainder when 63653787 is divided by 36858?
21
What is the remainder when 321900 is divided by 20?
0
What is the remainder when 566596385 is divided by 47216365?
5
Calculate the remainder when 18431782 is divided by 1927.
27
What is the remainder when 146636287 is divided by 166443?
4
Calculate the remainder when 280021 is divided by 2853.
427
What is the remainder when 1543184 is divided by 97?
11
What is the remainder when 252540 is divided by 366?
0
Calculate the remainder when 189384290 is divided by 44.
18
What is the remainder when 6273791 is divided by 16?
15
What is the remainder when 848745 is divided by 349?
326
Calculate the remainder when 28167 is divided by 2987.
1284
Calculate the remainder when 34456 is divided by 124.
108
Calculate the remainder when 14771 is divided by 2905.
246
Calculate the remainder when 16496767 is divided by 25.
17
What is the remainder when 192808 is divided by 96387?
34
Calculate the remainder when 101086 is divided by 70.
6
Calculate the remainder when 2747647 is divided by 1453.
24
Calculate the remainder when 2226539 is divided by 56.
35
Calculate the remainder when 5111980 is divided by 107.
55
Calculate the remainder when 2600252 is divided by 793.
5
Calculate the remainder when 1255400 is divided by 20.
0
What is the remainder when 37128371 is divided by 225?
221
What is the remainder when 50398642 is divided by 25199312?
18
Calculate the remainder when 1214926 is divided by 404961.
43
Calculate the remainder when 1135199 is divided by 22.
21
What is the remainder when 71495 is divided by 198?
17
What is the remainder when 5159983 is divided by 61?
54
What is the remainder when 1309051 is divided by 100673?
302
Calculate the remainder when 222656411 is divided by 31808058.
5
What is the remainder when 37596206 is divided by 1174880?
46
What is the remainder when 4261704 is divided by 710282?
12
What is the remainder when 57266007 is divided by 715825?
7
Calculate the remainder when 50090648 is divided by 12522655.
28
What is the remainder when 986355 is divided by 16439?
15
Calculate the remainder when 6337326 is divided by 1267465.
1
What is the remainder when 44796578 is divided by 23727?
2
Calculate the remainder when 17129 is divided by 2094.
377
Calculate the remainder when 105365 is divided by 356.
345
Calculate the remainder when 94939209 is divided by 32.
9
What is the remainder when 2463499 is divided by 61?
14
What is the remainder when 1689646 is divided by 562862?
1060
Calculate the remainder when 11622072 is divided by 231.
0
Calculate the remainder when 1721032 is divided by 1812.
1444
Calculate the remainder when 17111546 is divided by 9.
8
Calculate the remainder when 85356 is divided by 508.
12
Calculate the remainder when 29766 is divided by 2681.
275
What is the remainder when 1323739 is divided by 5990?
5939
What is the remainder when 385119952 is divided by 27?
25
What is the remainder when 112348 is divided by 2956?
20
Calculate the remainder when 25112567 is divided by 8370803.
158
What is the remainder when 79112244 is divided by 7836?
7824
Calculate the remainder when 1779643 is divided by 3588.
3583
C